{"id":8539,"date":"2024-03-12T08:55:42","date_gmt":"2024-03-12T08:55:42","guid":{"rendered":"https:\/\/www-f5.ijs.si\/?post_type=dogodki&#038;p=8539"},"modified":"2024-03-19T06:59:58","modified_gmt":"2024-03-19T06:59:58","slug":"32-days-of-jozef-stefan-18-23-march-2024","status":"publish","type":"dogodki","link":"https:\/\/www-f5.ijs.si\/en\/events\/32-days-of-jozef-stefan-18-23-march-2024","title":{"rendered":"32. Days of Jo\u017eef Stefan, 18-23 March, 2024"},"content":{"rendered":"\n<p class=\" eplus-wrapper\">The Jo\u017eef Stefan Days are held to commemorate the famous Slovenian physicist Jo\u017eef Stefan, who was born on 24 March, and to popularize science.<\/p>\n\n\n\n<figure class=\" wp-block-image size-large eplus-wrapper\"><a href=\"https:\/\/dnevi.ijs.si\/en\/programme-2024\/\"><img loading=\"lazy\" decoding=\"async\" width=\"1024\" height=\"253\" src=\"https:\/\/www-f5.ijs.si\/wp-content\/uploads\/2024\/03\/Capture.PNGangl-1024x253.png\" alt=\"\" class=\"wp-image-8540\" srcset=\"https:\/\/www-f5.ijs.si\/wp-content\/uploads\/2024\/03\/Capture.PNGangl-1024x253.png 1024w, https:\/\/www-f5.ijs.si\/wp-content\/uploads\/2024\/03\/Capture.PNGangl-300x74.png 300w, https:\/\/www-f5.ijs.si\/wp-content\/uploads\/2024\/03\/Capture.PNGangl-768x190.png 768w, https:\/\/www-f5.ijs.si\/wp-content\/uploads\/2024\/03\/Capture.PNGangl-200x49.png 200w, https:\/\/www-f5.ijs.si\/wp-content\/uploads\/2024\/03\/Capture.PNGangl-400x99.png 400w, https:\/\/www-f5.ijs.si\/wp-content\/uploads\/2024\/03\/Capture.PNGangl-600x148.png 600w, https:\/\/www-f5.ijs.si\/wp-content\/uploads\/2024\/03\/Capture.PNGangl-800x198.png 800w, https:\/\/www-f5.ijs.si\/wp-content\/uploads\/2024\/03\/Capture.PNGangl-1000x247.png 1000w, https:\/\/www-f5.ijs.si\/wp-content\/uploads\/2024\/03\/Capture.PNGangl.png 1069w\" sizes=\"auto, (max-width: 1024px) 100vw, 1024px\" \/><\/a><\/figure>\n","protected":false},"template":"","meta":{"_acf_changed":true,"_editorskit_title_hidden":false,"_editorskit_reading_time":0,"_editorskit_is_block_options_detached":false,"_editorskit_block_options_position":"{}","editor_plus_copied_stylings":"{}"},"kategorija_dogodka":[],"class_list":["post-8539","dogodki","type-dogodki","status-publish","hentry"],"acf":[],"yoast_head":"<!-- This site is optimized with the Yoast SEO plugin v27.4 - https:\/\/yoast.com\/product\/yoast-seo-wordpress\/ -->\n<title>32. Days of Jo\u017eef Stefan, 18-23 March, 2024 - In\u0161titut Jo\u017eef Stefan<\/title>\n<meta name=\"robots\" content=\"index, follow, max-snippet:-1, max-image-preview:large, max-video-preview:-1\" \/>\n<link rel=\"canonical\" href=\"https:\/\/www-f5.ijs.si\/en\/events\/32-days-of-jozef-stefan-18-23-march-2024\" \/>\n<meta property=\"og:locale\" content=\"en_US\" \/>\n<meta property=\"og:type\" content=\"article\" \/>\n<meta property=\"og:title\" content=\"32. Days of Jo\u017eef Stefan, 18-23 March, 2024 - In\u0161titut Jo\u017eef Stefan\" \/>\n<meta property=\"og:description\" content=\"The Jo\u017eef Stefan Days are held to commemorate the famous Slovenian physicist Jo\u017eef Stefan, who was born on 24 March, and to popularize science.\" \/>\n<meta property=\"og:url\" content=\"https:\/\/www-f5.ijs.si\/en\/events\/32-days-of-jozef-stefan-18-23-march-2024\" \/>\n<meta property=\"og:site_name\" content=\"In\u0161titut Jo\u017eef Stefan\" \/>\n<meta property=\"article:modified_time\" content=\"2024-03-19T06:59:58+00:00\" \/>\n<meta property=\"og:image\" content=\"https:\/\/www-f5.ijs.si\/wp-content\/uploads\/2024\/03\/Capture.PNGangl-1024x253.png\" \/>\n<meta name=\"twitter:card\" content=\"summary_large_image\" \/>\n<meta name=\"twitter:label1\" content=\"Est. reading time\" \/>\n\t<meta name=\"twitter:data1\" content=\"1 minute\" \/>\n<script type=\"application\/ld+json\" class=\"yoast-schema-graph\">{\"@context\":\"https:\\\/\\\/schema.org\",\"@graph\":[{\"@type\":\"WebPage\",\"@id\":\"https:\\\/\\\/www-f5.ijs.si\\\/en\\\/events\\\/32-days-of-jozef-stefan-18-23-march-2024\",\"url\":\"https:\\\/\\\/www-f5.ijs.si\\\/en\\\/events\\\/32-days-of-jozef-stefan-18-23-march-2024\",\"name\":\"32. Days of Jo\u017eef Stefan, 18-23 March, 2024 - In\u0161titut Jo\u017eef Stefan\",\"isPartOf\":{\"@id\":\"https:\\\/\\\/www-f5.ijs.si\\\/#website\"},\"primaryImageOfPage\":{\"@id\":\"https:\\\/\\\/www-f5.ijs.si\\\/en\\\/events\\\/32-days-of-jozef-stefan-18-23-march-2024#primaryimage\"},\"image\":{\"@id\":\"https:\\\/\\\/www-f5.ijs.si\\\/en\\\/events\\\/32-days-of-jozef-stefan-18-23-march-2024#primaryimage\"},\"thumbnailUrl\":\"https:\\\/\\\/www-f5.ijs.si\\\/wp-content\\\/uploads\\\/2024\\\/03\\\/Capture.PNGangl-1024x253.png\",\"datePublished\":\"2024-03-12T08:55:42+00:00\",\"dateModified\":\"2024-03-19T06:59:58+00:00\",\"breadcrumb\":{\"@id\":\"https:\\\/\\\/www-f5.ijs.si\\\/en\\\/events\\\/32-days-of-jozef-stefan-18-23-march-2024#breadcrumb\"},\"inLanguage\":\"en-US\",\"potentialAction\":[{\"@type\":\"ReadAction\",\"target\":[\"https:\\\/\\\/www-f5.ijs.si\\\/en\\\/events\\\/32-days-of-jozef-stefan-18-23-march-2024\"]}]},{\"@type\":\"ImageObject\",\"inLanguage\":\"en-US\",\"@id\":\"https:\\\/\\\/www-f5.ijs.si\\\/en\\\/events\\\/32-days-of-jozef-stefan-18-23-march-2024#primaryimage\",\"url\":\"https:\\\/\\\/www-f5.ijs.si\\\/wp-content\\\/uploads\\\/2024\\\/03\\\/Capture.PNGangl-1024x253.png\",\"contentUrl\":\"https:\\\/\\\/www-f5.ijs.si\\\/wp-content\\\/uploads\\\/2024\\\/03\\\/Capture.PNGangl-1024x253.png\"},{\"@type\":\"BreadcrumbList\",\"@id\":\"https:\\\/\\\/www-f5.ijs.si\\\/en\\\/events\\\/32-days-of-jozef-stefan-18-23-march-2024#breadcrumb\",\"itemListElement\":[{\"@type\":\"ListItem\",\"position\":1,\"name\":\"Dogodki\",\"item\":\"https:\\\/\\\/www-f5.ijs.si\\\/dogodki\"},{\"@type\":\"ListItem\",\"position\":2,\"name\":\"32. Days of Jo\u017eef Stefan, 18-23 March, 2024\"}]},{\"@type\":\"WebSite\",\"@id\":\"https:\\\/\\\/www-f5.ijs.si\\\/#website\",\"url\":\"https:\\\/\\\/www-f5.ijs.si\\\/\",\"name\":\"In\u0161titut Jo\u017eef Stefan\",\"description\":\"\",\"potentialAction\":[{\"@type\":\"SearchAction\",\"target\":{\"@type\":\"EntryPoint\",\"urlTemplate\":\"https:\\\/\\\/www-f5.ijs.si\\\/?s={search_term_string}\"},\"query-input\":{\"@type\":\"PropertyValueSpecification\",\"valueRequired\":true,\"valueName\":\"search_term_string\"}}],\"inLanguage\":\"en-US\"}]}<\/script>\n<!-- \/ Yoast SEO plugin. -->","yoast_head_json":{"title":"32. Days of Jo\u017eef Stefan, 18-23 March, 2024 - In\u0161titut Jo\u017eef Stefan","robots":{"index":"index","follow":"follow","max-snippet":"max-snippet:-1","max-image-preview":"max-image-preview:large","max-video-preview":"max-video-preview:-1"},"canonical":"https:\/\/www-f5.ijs.si\/en\/events\/32-days-of-jozef-stefan-18-23-march-2024","og_locale":"en_US","og_type":"article","og_title":"32. Days of Jo\u017eef Stefan, 18-23 March, 2024 - In\u0161titut Jo\u017eef Stefan","og_description":"The Jo\u017eef Stefan Days are held to commemorate the famous Slovenian physicist Jo\u017eef Stefan, who was born on 24 March, and to popularize science.","og_url":"https:\/\/www-f5.ijs.si\/en\/events\/32-days-of-jozef-stefan-18-23-march-2024","og_site_name":"In\u0161titut Jo\u017eef Stefan","article_modified_time":"2024-03-19T06:59:58+00:00","og_image":[{"url":"https:\/\/www-f5.ijs.si\/wp-content\/uploads\/2024\/03\/Capture.PNGangl-1024x253.png","type":"","width":"","height":""}],"twitter_card":"summary_large_image","twitter_misc":{"Est. reading time":"1 minute"},"schema":{"@context":"https:\/\/schema.org","@graph":[{"@type":"WebPage","@id":"https:\/\/www-f5.ijs.si\/en\/events\/32-days-of-jozef-stefan-18-23-march-2024","url":"https:\/\/www-f5.ijs.si\/en\/events\/32-days-of-jozef-stefan-18-23-march-2024","name":"32. Days of Jo\u017eef Stefan, 18-23 March, 2024 - In\u0161titut Jo\u017eef Stefan","isPartOf":{"@id":"https:\/\/www-f5.ijs.si\/#website"},"primaryImageOfPage":{"@id":"https:\/\/www-f5.ijs.si\/en\/events\/32-days-of-jozef-stefan-18-23-march-2024#primaryimage"},"image":{"@id":"https:\/\/www-f5.ijs.si\/en\/events\/32-days-of-jozef-stefan-18-23-march-2024#primaryimage"},"thumbnailUrl":"https:\/\/www-f5.ijs.si\/wp-content\/uploads\/2024\/03\/Capture.PNGangl-1024x253.png","datePublished":"2024-03-12T08:55:42+00:00","dateModified":"2024-03-19T06:59:58+00:00","breadcrumb":{"@id":"https:\/\/www-f5.ijs.si\/en\/events\/32-days-of-jozef-stefan-18-23-march-2024#breadcrumb"},"inLanguage":"en-US","potentialAction":[{"@type":"ReadAction","target":["https:\/\/www-f5.ijs.si\/en\/events\/32-days-of-jozef-stefan-18-23-march-2024"]}]},{"@type":"ImageObject","inLanguage":"en-US","@id":"https:\/\/www-f5.ijs.si\/en\/events\/32-days-of-jozef-stefan-18-23-march-2024#primaryimage","url":"https:\/\/www-f5.ijs.si\/wp-content\/uploads\/2024\/03\/Capture.PNGangl-1024x253.png","contentUrl":"https:\/\/www-f5.ijs.si\/wp-content\/uploads\/2024\/03\/Capture.PNGangl-1024x253.png"},{"@type":"BreadcrumbList","@id":"https:\/\/www-f5.ijs.si\/en\/events\/32-days-of-jozef-stefan-18-23-march-2024#breadcrumb","itemListElement":[{"@type":"ListItem","position":1,"name":"Dogodki","item":"https:\/\/www-f5.ijs.si\/dogodki"},{"@type":"ListItem","position":2,"name":"32. Days of Jo\u017eef Stefan, 18-23 March, 2024"}]},{"@type":"WebSite","@id":"https:\/\/www-f5.ijs.si\/#website","url":"https:\/\/www-f5.ijs.si\/","name":"In\u0161titut Jo\u017eef Stefan","description":"","potentialAction":[{"@type":"SearchAction","target":{"@type":"EntryPoint","urlTemplate":"https:\/\/www-f5.ijs.si\/?s={search_term_string}"},"query-input":{"@type":"PropertyValueSpecification","valueRequired":true,"valueName":"search_term_string"}}],"inLanguage":"en-US"}]}},"_links":{"self":[{"href":"https:\/\/www-f5.ijs.si\/en\/wp-json\/wp\/v2\/dogodki\/8539","targetHints":{"allow":["GET"]}}],"collection":[{"href":"https:\/\/www-f5.ijs.si\/en\/wp-json\/wp\/v2\/dogodki"}],"about":[{"href":"https:\/\/www-f5.ijs.si\/en\/wp-json\/wp\/v2\/types\/dogodki"}],"wp:attachment":[{"href":"https:\/\/www-f5.ijs.si\/en\/wp-json\/wp\/v2\/media?parent=8539"}],"wp:term":[{"taxonomy":"kategorija_dogodka","embeddable":true,"href":"https:\/\/www-f5.ijs.si\/en\/wp-json\/wp\/v2\/kategorija_dogodka?post=8539"}],"curies":[{"name":"wp","href":"https:\/\/api.w.org\/{rel}","templated":true}]}}

32. Days of Jožef Stefan, 18-23 March, 2024

<p class=" eplus-wrapper">The Jožef Stefan Days are held to commemorate the famous Slovenian physicist Jožef Stefan, who was born on 24 March, and to popularize science.</p>



<figure class=" wp-block-image size-large eplus-wrapper"><a href="https://dnevi.ijs.si/en/programme-2024/"><img loading="lazy" decoding="async" width="1024" height="253" src="https://www-f5.ijs.si/wp-content/uploads/2024/03/Capture.PNGangl-1024x253.png" alt="" class="wp-image-8540" srcset="https://www-f5.ijs.si/wp-content/uploads/2024/03/Capture.PNGangl-1024x253.png 1024w, https://www-f5.ijs.si/wp-content/uploads/2024/03/Capture.PNGangl-300x74.png 300w, https://www-f5.ijs.si/wp-content/uploads/2024/03/Capture.PNGangl-768x190.png 768w, https://www-f5.ijs.si/wp-content/uploads/2024/03/Capture.PNGangl-200x49.png 200w, https://www-f5.ijs.si/wp-content/uploads/2024/03/Capture.PNGangl-400x99.png 400w, https://www-f5.ijs.si/wp-content/uploads/2024/03/Capture.PNGangl-600x148.png 600w, https://www-f5.ijs.si/wp-content/uploads/2024/03/Capture.PNGangl-800x198.png 800w, https://www-f5.ijs.si/wp-content/uploads/2024/03/Capture.PNGangl-1000x247.png 1000w, https://www-f5.ijs.si/wp-content/uploads/2024/03/Capture.PNGangl.png 1069w" sizes="auto, (max-width: 1024px) 100vw, 1024px" /></a></figure>

<!-- This site is optimized with the Yoast SEO plugin v27.4 - https://yoast.com/product/yoast-seo-wordpress/ -->
<title>32. Days of Jožef Stefan, 18-23 March, 2024 - Inštitut Jožef Stefan</title>
<meta name="robots" content="index, follow, max-snippet:-1, max-image-preview:large, max-video-preview:-1" />
<link rel="canonical" href="https://www-f5.ijs.si/en/events/32-days-of-jozef-stefan-18-23-march-2024" />
<meta property="og:locale" content="en_US" />
<meta property="og:type" content="article" />
<meta property="og:title" content="32. Days of Jožef Stefan, 18-23 March, 2024 - Inštitut Jožef Stefan" />
<meta property="og:description" content="The Jožef Stefan Days are held to commemorate the famous Slovenian physicist Jožef Stefan, who was born on 24 March, and to popularize science." />
<meta property="og:url" content="https://www-f5.ijs.si/en/events/32-days-of-jozef-stefan-18-23-march-2024" />
<meta property="og:site_name" content="Inštitut Jožef Stefan" />
<meta property="article:modified_time" content="2024-03-19T06:59:58+00:00" />
<meta property="og:image" content="https://www-f5.ijs.si/wp-content/uploads/2024/03/Capture.PNGangl-1024x253.png" />
<meta name="twitter:card" content="summary_large_image" />
<meta name="twitter:label1" content="Est. reading time" />
	<meta name="twitter:data1" content="1 minute" />
<script type="application/ld+json" class="yoast-schema-graph">{"@context":"https:\/\/schema.org","@graph":[{"@type":"WebPage","@id":"https:\/\/www-f5.ijs.si\/en\/events\/32-days-of-jozef-stefan-18-23-march-2024","url":"https:\/\/www-f5.ijs.si\/en\/events\/32-days-of-jozef-stefan-18-23-march-2024","name":"32. Days of Jožef Stefan, 18-23 March, 2024 - Inštitut Jožef Stefan","isPartOf":{"@id":"https:\/\/www-f5.ijs.si\/#website"},"primaryImageOfPage":{"@id":"https:\/\/www-f5.ijs.si\/en\/events\/32-days-of-jozef-stefan-18-23-march-2024#primaryimage"},"image":{"@id":"https:\/\/www-f5.ijs.si\/en\/events\/32-days-of-jozef-stefan-18-23-march-2024#primaryimage"},"thumbnailUrl":"https:\/\/www-f5.ijs.si\/wp-content\/uploads\/2024\/03\/Capture.PNGangl-1024x253.png","datePublished":"2024-03-12T08:55:42+00:00","dateModified":"2024-03-19T06:59:58+00:00","breadcrumb":{"@id":"https:\/\/www-f5.ijs.si\/en\/events\/32-days-of-jozef-stefan-18-23-march-2024#breadcrumb"},"inLanguage":"en-US","potentialAction":[{"@type":"ReadAction","target":["https:\/\/www-f5.ijs.si\/en\/events\/32-days-of-jozef-stefan-18-23-march-2024"]}]},{"@type":"ImageObject","inLanguage":"en-US","@id":"https:\/\/www-f5.ijs.si\/en\/events\/32-days-of-jozef-stefan-18-23-march-2024#primaryimage","url":"https:\/\/www-f5.ijs.si\/wp-content\/uploads\/2024\/03\/Capture.PNGangl-1024x253.png","contentUrl":"https:\/\/www-f5.ijs.si\/wp-content\/uploads\/2024\/03\/Capture.PNGangl-1024x253.png"},{"@type":"BreadcrumbList","@id":"https:\/\/www-f5.ijs.si\/en\/events\/32-days-of-jozef-stefan-18-23-march-2024#breadcrumb","itemListElement":[{"@type":"ListItem","position":1,"name":"Dogodki","item":"https:\/\/www-f5.ijs.si\/dogodki"},{"@type":"ListItem","position":2,"name":"32. Days of Jožef Stefan, 18-23 March, 2024"}]},{"@type":"WebSite","@id":"https:\/\/www-f5.ijs.si\/#website","url":"https:\/\/www-f5.ijs.si\/","name":"Inštitut Jožef Stefan","description":"","potentialAction":[{"@type":"SearchAction","target":{"@type":"EntryPoint","urlTemplate":"https:\/\/www-f5.ijs.si\/?s={search_term_string}"},"query-input":{"@type":"PropertyValueSpecification","valueRequired":true,"valueName":"search_term_string"}}],"inLanguage":"en-US"}]}</script>
<!-- / Yoast SEO plugin. -->

32. Days of Jožef Stefan, 18-23 March, 2024 - Inštitut Jožef Stefan

The Jožef Stefan Days are held to commemorate the famous Slovenian physicist Jožef Stefan, who was born on 24 March, and to popularize science.

Inštitut Jožef Stefan
